{"id":756,"date":"2018-09-01T17:16:28","date_gmt":"2018-09-01T14:16:28","guid":{"rendered":"http:\/\/www.sopusointu.fi\/wordpress\/?page_id=756"},"modified":"2025-05-25T12:54:46","modified_gmt":"2025-05-25T09:54:46","slug":"tietosuojaseloste","status":"publish","type":"page","link":"https:\/\/www.sopusointu.fi\/wordpress\/tietosuojaseloste\/","title":{"rendered":"Tietosuojaseloste"},"content":{"rendered":"<h3>SopuSointu Hyvinvointipalveluiden asiakas- ja markkinointirekisterin tietosuojaseloste<\/h3>\n<h5>1 Rekisterinpit\u00e4j\u00e4<\/h5>\n<p>Sankama Oy (y-tunnus 1747023-6)<br \/>\nIsokatu 11, 90100 Oulu<\/p>\n<h5>2 Yhteyshenkil\u00f6 rekistereit\u00e4 koskevissa asioissa<\/h5>\n<p>Sari Marita Ik\u00e4heimo<br \/>\ninfo@sopusointu.fi<br \/>\nPuh.&nbsp;044 747 6611<\/p>\n<p>SopuSointu Hyvinvointipalvelut on tullut tietosuojaselvityksess\u00e4\u00e4n siihen tulokseen, ett\u00e4 sen ei tarvitse nimet\u00e4 erillist\u00e4 tietosuojavastaavaa.<\/p>\n<h5>3 Rekisterin nimi<\/h5>\n<p>Sankama Oy:n \/ SopuSointu Hyvinvointipalvelut asiakas- ja markkinointirekisteri<\/p>\n<h5>4 Henkil\u00f6tietojen k\u00e4sittelyn tarkoitus ja peruste<\/h5>\n<p>Henkil\u00f6tietojen k\u00e4sittelyn ensisijaisena perusteena on Sankama Oy:n\/SopuSointu Hyvinvointipalvelujen ja rekister\u00f6idyn henkil\u00f6n v\u00e4linen asiakassuhde, henkil\u00f6n tai h\u00e4nen huoltajansa suostumus tai muun asiallisen yhteyden tuoma oikeutettu etu.<\/p>\n<p>Henkil\u00f6tietojen k\u00e4sittelyn tarkoitus on asiakassuhteen hoitaminen ja asiakaspalvelu, tuotteisiin ja palveluihin sek\u00e4 niiden kehitt\u00e4miseen liittyv\u00e4 viestint\u00e4 sek\u00e4 tuotteiden ja palveluiden myynti ja markkinointi. Tietoja voidaan k\u00e4ytt\u00e4\u00e4 Facebookissa ja muussa sosiaalisessa mediassa toteutettavan markkinoinnin kohdentamiseen.<\/p>\n<h5>5 Rekisterin tietosis\u00e4lt\u00f6<\/h5>\n<p>Rekister\u00f6idyst\u00e4 voidaan tallentaa muun muassa seuraavia tietoja:<\/p>\n<p>* nimi, koulutus, organisaatio, asema, teht\u00e4v\u00e4nimike, osoite, puhelinnumero, s\u00e4hk\u00f6postiosoite ja muut tarpeelliset yhteystiedot;<br \/>\n* henkil\u00f6tunnus, kuitenkin vain silloin kun se on esimerkiksi laskutuksen kannalta v\u00e4ltt\u00e4m\u00e4t\u00f6nt\u00e4 asiakkaan yksil\u00f6imiseksi;<br \/>\n* asiakasnumero, kieli, verkkosivuston osoite, verkkoyhteyden IP-osoite, tunnukset tai profiilit sosiaalisen median palveluissa;<br \/>\n* tiedot tilatuista tuotteista tai palveluista, laskutustiedot sek\u00e4 muut asiakassuhteeseen, laskutukseen, myyntiin, markkinointiin tai tilattuihin tuotteisiin tai palveluihin liittyv\u00e4t tiedot tai muistiinpanot;<br \/>\n* myynti- ja markkinointiyhteydenpidossa kertyneet tiedot ja muistiinpanot;<br \/>\n* tiedon k\u00e4sittelyyn liittyv\u00e4t tiedot kuten tallennusp\u00e4iv\u00e4m\u00e4\u00e4r\u00e4 ja tietol\u00e4hde.<\/p>\n<p>Lis\u00e4ksi rekister\u00f6idyst\u00e4 voidaan tallentaa tuotteiden tai palveluiden toteuttamista varten tarpeellisia muistiinpanoja.<\/p>\n<h5>6 Henkil\u00f6tietojen s\u00e4ilytysaika<\/h5>\n<p>Yritys s\u00e4ilytt\u00e4\u00e4 henkil\u00f6tietoja asiakas- ja markkinointirekisteriss\u00e4 kunnes rekister\u00f6idyn ja yrityksen v\u00e4lisen suhteen voidaan katsoa p\u00e4\u00e4ttyneen. Suhteen katsotaan p\u00e4\u00e4tyneen viimeist\u00e4\u00e4n, kun on kulunut 10 vuotta viimeisimm\u00e4st\u00e4 myynti, markkinointi, tilaus- tai palvelukontaktista rekister\u00f6ityyn tai rekister\u00f6idyn yhteydenotosta.<\/p>\n<p>Osaa tiedoista voidaan yrityksen k\u00e4yt\u00e4nt\u00f6jen mukaan s\u00e4ilytt\u00e4\u00e4 p\u00e4\u00e4s\u00e4\u00e4nt\u00f6\u00e4 lyhyemm\u00e4n aikaa. Osaa tiedoista voidaan joutua lains\u00e4\u00e4d\u00e4nn\u00f6st\u00e4 johtuvista syist\u00e4 s\u00e4ilytt\u00e4m\u00e4\u00e4n t\u00e4t\u00e4 kauemmin.<\/p>\n<h5>7 S\u00e4\u00e4nn\u00f6nmukaiset tietol\u00e4hteet<\/h5>\n<p>Rekisteriin tallennettavat tiedot saadaan asiakkaalta muun muassa www-lomakkeilla, s\u00e4hk\u00f6postitse, puhelimitse, sosiaalisen median palvelujen kautta, sopimuksista, asiakastapaamisista ja muista tilanteista, joissa asiakas luovuttaa tietojaan. Lis\u00e4ksi tietoja tallennetaan rekister\u00f6idyn asiakkuuteen, tuotteiden ja palveluiden k\u00e4ytt\u00f6\u00f6n, viestint\u00e4\u00e4n ja asiointiin liittyvist\u00e4 tapahtumista. Tietojen l\u00e4hteen\u00e4 voi olla my\u00f6s tunnistamis-, varmennus-, osoite-, p\u00e4ivitys-, luottotieto-, markkinointi- tai muuta vastaavaa palvelua tarjoava osapuoli.<\/p>\n<h5>8 Tietojen s\u00e4\u00e4nn\u00f6nmukaiset luovutukset ja tietojen siirto EU:n tai ETA:n ulkopuolelle<\/h5>\n<p>Tietoja ei luovuteta yrityksen ulkopuolelle muuten kuin sopimuksen, asiakkaan antaman erillisen suostumuksen tai nimenomaisten s\u00e4\u00e4d\u00f6sten perusteella.<\/p>\n<p>Tietoja voidaan siirt\u00e4\u00e4 EU:n tai ETA:n ulkopuolella tietoja k\u00e4sittelevien palveluntarjoajien j\u00e4rjestelmiin vain, jos Euroopan komissio on hyv\u00e4ksynyt kyseisen maan tietosuojan tason riitt\u00e4v\u00e4ksi, tietoja vastaanottava yritys t\u00e4ytt\u00e4\u00e4 EU-U.S. Privacy Shield -vaatimukset tai siirto on muiden asianmukaisten suojatoimien perusteella sallittu.<\/p>\n<h5>9 Rekisterin suojauksen periaatteista<\/h5>\n<p>Rekisterin k\u00e4sittelyss\u00e4 noudatetaan huolellisuutta ja tietoj\u00e4rjestelmien avulla k\u00e4sitelt\u00e4v\u00e4t tiedot suojataan asianmukaisesti.<\/p>\n<p>Digitaaliseen aineistoon on p\u00e4\u00e4sy vain siihen oikeutetun ty\u00f6ntekij\u00e4n henkil\u00f6kohtaisella k\u00e4ytt\u00e4j\u00e4tunnuksella ja salasanalla. Paperimuodossa oleva aineisto s\u00e4ilytet\u00e4\u00e4n lukitussa paikassa, johon on p\u00e4\u00e4sy vain erikseen oikeuden saaneilla henkil\u00f6ill\u00e4.<\/p>\n<h5>10 Profilointi<\/h5>\n<p>Sankama Oy\/ SopuSointu hyvinvointipalvelut ei tee asiakastietoihin liittyv\u00e4\u00e4 profilointia.<\/p>\n<h5>11 Rekister\u00f6idyn oikeus vastustaa henkil\u00f6tietojen k\u00e4sittely\u00e4 ja suoramarkkinointia (kielto-oikeus)<\/h5>\n<p>Rekister\u00f6idyll\u00e4 on oikeus henkil\u00f6kohtaiseen erityiseen tilanteeseensa liittyen vastustaa k\u00e4sittelytoimia, joita Sankama Oy\/SopuSointu hyvinvointipalvelut kohdistaa rekister\u00f6idyn henkil\u00f6tietoihin silt\u00e4 osin, kun tietojen k\u00e4sittelemisen perusteena on Sankama Oy:n\/ SopuSointu hyvinvointipalvelut ja rekister\u00f6idyn v\u00e4linen asiakassuhde.<\/p>\n<p>Rekister\u00f6ity voi esitt\u00e4\u00e4 tietojensa k\u00e4sittelyn vastustamista koskevan vaatimuksensa t\u00e4m\u00e4n tietosuojaselosteen kohdan 13 mukaisesti. Rekister\u00f6idyn tulee vaatimuksen yhteydess\u00e4 yksil\u00f6id\u00e4 se erityinen tilanne, johon perustuen h\u00e4n vastustaa k\u00e4sittely\u00e4.<\/p>\n<p>SankamaOy\/ SopuSointu hyvinvointipalvelut voi kielt\u00e4yty\u00e4 toteuttamasta vastustamista koskevaa pyynt\u00f6\u00e4 laissa s\u00e4\u00e4detyin perustein.<\/p>\n<h5>12 Muut henkil\u00f6tietojen k\u00e4sittelyyn liittyv\u00e4t rekister\u00f6idyn oikeudet<\/h5>\n<p><strong>12.1 Rekister\u00f6idyn oikeus saada p\u00e4\u00e4sy tietoihin (tarkastusoikeus)<\/strong><\/p>\n<p>Rekister\u00f6idyll\u00e4 on oikeus tarkastaa, mit\u00e4 h\u00e4nt\u00e4 koskevia tietoja Sankama Oy:n\/SopuSointu hyvinvointipalvelut asiakas- ja markkinointireksteriin on talletettu. Tarkastuspyynt\u00f6 tulee tehd\u00e4 t\u00e4m\u00e4n tietosuojaselosteen kohdan 13 mukaisesti.<\/p>\n<p>Tarkastusoikeus voidaan ev\u00e4t\u00e4 laissa s\u00e4\u00e4detyin perustein. Tarkastusoikeuden k\u00e4ytt\u00e4minen on l\u00e4ht\u00f6kohtaisesti maksutonta.<\/p>\n<p><strong>12.2 Rekister\u00f6idyn oikeus vaatia tiedon oikaisemista, poistamista tai k\u00e4sittelyn rajoittamista<\/strong><\/p>\n<p>Rekister\u00f6ity voi vaatia virheellisen, tarpeettoman, puutteellisen tai vanhentuneen tiedon oikaisemista, poistamista tai k\u00e4sittelyn rajoittamista. Korjauspyynt\u00f6 tulee tehd\u00e4 t\u00e4m\u00e4n tietosuojaselosteen kohdan 13 mukaisesti.<\/p>\n<p>Rekister\u00f6idyll\u00e4 on my\u00f6s oikeus vaatia rekisterinpit\u00e4j\u00e4\u00e4 rajoittamaan henkil\u00f6tietojensa k\u00e4sittely\u00e4 esimerkiksi siin\u00e4 tilanteessa, kun rekister\u00f6ity odottaa Sankama Oy:n\/SopuSointu hyvinvointipalveluiden vastausta tietojensa oikaisemista tai poistamista koskevaan pyynt\u00f6\u00f6n.<\/p>\n<p><strong>12.3 Rekister\u00f6idyn oikeus tehd\u00e4 valitus valvontaviranomaiselle<\/strong><\/p>\n<p>Rekister\u00f6idyll\u00e4 on oikeus tehd\u00e4 valitus toimivaltaiselle valvontaviranomaiselle, jos rekisterinpit\u00e4j\u00e4 ei ole noudattanut toiminnassaan soveltuvaa tietosuojas\u00e4\u00e4ntely\u00e4.<\/p>\n<p><strong>12.4 Muut oikeudet<\/strong><\/p>\n<p>Mik\u00e4li henkil\u00f6tietoja k\u00e4sitell\u00e4\u00e4n rekister\u00f6idyn suostumukseen perustuen, rekister\u00f6idyll\u00e4 on oikeus peruuttaa suostumuksensa ilmoittamalla t\u00e4st\u00e4 Sankama Oy:lle\/ SopuSointu hyvinvointipalveluille t\u00e4m\u00e4n tietosuojaselosteen kohdan 13 mukaisesti.<\/p>\n<h5>13 Yhteydenotot<\/h5>\n<p>Kaikissa henkil\u00f6tietojen k\u00e4sittelyyn liittyviss\u00e4 kysymyksiss\u00e4 ja omien oikeuksien k\u00e4ytt\u00e4miseen liittyviss\u00e4 tilanteissa rekister\u00f6idyn tulee ottaa yhteytt\u00e4 Sankama Oy:hyn\/SopuSointu hyvinvointipalveluihin<\/p>\n<p>* s\u00e4hk\u00f6postitse info[at]sopusointu.fi, tai<\/p>\n<p>* Postitse osoitteeseen: Sankama Oy, Isokatu 11, 90100 Oulu<\/p>\n<p>Sankama Oy\/ SopuSointu hyvinvointipalvelut voi tarvittaessa pyyt\u00e4\u00e4 rekister\u00f6ity\u00e4 t\u00e4sment\u00e4m\u00e4\u00e4n pyynt\u00f6\u00e4\u00e4n kirjallisesti ja rekister\u00f6idyn henkil\u00f6llisyys voidaan tarpeen vaatiessa varmentaa ennen muihin toimenpiteisiin ryhtymist\u00e4.<\/p>\n<p>Sankama Oy:n\/ SopuSointu hyvinvointipalveluiden postituslistoilleen l\u00e4hett\u00e4mien s\u00e4hk\u00f6postiviestien alalaidassa on aina linkki, jonka kautta on mahdollista pyyt\u00e4\u00e4 listalta poistamista.<\/p>\n<p><em>versio 1.0, p\u00e4ivitetty 25.5.2025<\/em><\/p>\n","protected":false},"excerpt":{"rendered":"<p>SopuSointu Hyvinvointipalveluiden asiakas- ja markkinointirekisterin tietosuojaseloste 1 Rekisterinpit\u00e4j\u00e4 Sankama Oy (y-tunnus 1747023-6) Isokatu 11, 90100 Oulu 2 Yhteyshenkil\u00f6 rekistereit\u00e4 koskevissa asioissa Sari Marita Ik\u00e4heimo info@sopusointu.fi Puh.&nbsp;044 747 6611 SopuSointu Hyvinvointipalvelut on tullut tietosuojaselvityksess\u00e4\u00e4n siihen tulokseen, ett\u00e4 sen ei tarvitse nimet\u00e4 erillist\u00e4 tietosuojavastaavaa. 3 Rekisterin nimi Sankama Oy:n \/ SopuSointu Hyvinvointipalvelut [&hellip;]<\/p>\n","protected":false},"author":1,"featured_media":0,"parent":0,"menu_order":0,"comment_status":"closed","ping_status":"closed","template":"","meta":[],"_links":{"self":[{"href":"https:\/\/www.sopusointu.fi\/wordpress\/wp-json\/wp\/v2\/pages\/756"}],"collection":[{"href":"https:\/\/www.sopusointu.fi\/wordpress\/wp-json\/wp\/v2\/pages"}],"about":[{"href":"https:\/\/www.sopusointu.fi\/wordpress\/wp-json\/wp\/v2\/types\/page"}],"author":[{"embeddable":true,"href":"https:\/\/www.sopusointu.fi\/wordpress\/wp-json\/wp\/v2\/users\/1"}],"replies":[{"embeddable":true,"href":"https:\/\/www.sopusointu.fi\/wordpress\/wp-json\/wp\/v2\/comments?post=756"}],"version-history":[{"count":6,"href":"https:\/\/www.sopusointu.fi\/wordpress\/wp-json\/wp\/v2\/pages\/756\/revisions"}],"predecessor-version":[{"id":1144,"href":"https:\/\/www.sopusointu.fi\/wordpress\/wp-json\/wp\/v2\/pages\/756\/revisions\/1144"}],"wp:attachment":[{"href":"https:\/\/www.sopusointu.fi\/wordpress\/wp-json\/wp\/v2\/media?parent=756"}],"curies":[{"name":"wp","href":"https:\/\/api.w.org\/{rel}","templated":true}]}}